{"id":1342,"date":"2017-12-01T08:47:37","date_gmt":"2017-12-01T08:47:37","guid":{"rendered":"https:\/\/demos.famethemes.com\/onepress\/?page_id=1342"},"modified":"2026-02-03T15:58:29","modified_gmt":"2026-02-03T15:58:29","slug":"elementor-page-builder","status":"publish","type":"page","link":"https:\/\/cgs-network.org\/CASAXR26\/index.php\/elementor-page-builder\/","title":{"rendered":"COMMITTEES"},"content":{"rendered":"<h2 style=\"text-align: center;\">Honorary Chairs<\/h2>\n<h4 style=\"text-align: center;\"><span data-olk-copy-source=\"MessageBody\">Jian Jun Zhang<\/span><\/h4>\n<p style=\"text-align: center;\"><span data-olk-copy-source=\"MessageBody\">Bournemouth University, UK<\/span><\/p>\n<h4 style=\"text-align: center;\">Soraia Musse<\/h4>\n<p style=\"text-align: center;\">PUCRS, Brazil<\/p>\n<h2><\/h2>\n<h2 style=\"text-align: center;\">Conference chairs<\/h2>\n<h4 style=\"text-align: center;\"><strong>Manolya Kavakli-Thorne<\/strong><\/h4>\n<p style=\"text-align: center;\">Aston University, Birmingham, UK<\/p>\n<h4 style=\"text-align: center;\"><strong>Youquan Liu<\/strong><\/h4>\n<p style=\"text-align: center;\">Chang\u2019an University, Xi\u2019An, China<\/p>\n<h4 style=\"text-align: center;\"><strong>Nadia Magnenat Thalmann<\/strong><\/h4>\n<p style=\"text-align: center;\">MIRALab, University of Geneva, Switzerland<\/p>\n<h4 style=\"text-align: center;\"><strong>Luciana Nedel<\/strong><\/h4>\n<p style=\"text-align: center;\">Federal University of Rio Grande do Sul (UFRGS), Brazil<\/p>\n<div>\n<h4><\/h4>\n<h4 style=\"text-align: center;\"><span style=\"color: #333333; font-family: Raleway, Helvetica, Arial, sans-serif; font-size: 2rem; font-weight: 600;\">Program chairs<\/span><\/h4>\n<\/div>\n<h4 style=\"text-align: center;\">Despina <span data-olk-copy-source=\"MessageBody\">Michael-Grigoriou<\/span><\/h4>\n<p style=\"text-align: center;\">Cyprus University of Technology (CUT)<\/p>\n<h4 style=\"text-align: center;\"><span data-olk-copy-source=\"MessageBody\">Nicolas Pronost, <\/span><\/h4>\n<p style=\"text-align: center;\"><span data-olk-copy-source=\"MessageBody\">LIRIS-SAARA, University Lyon-1, France<\/span><\/p>\n<h4 style=\"text-align: center;\">Daniel Thalmann<\/h4>\n<p style=\"text-align: center;\">EPFL, Switzerland<\/p>\n<h2><\/h2>\n<h2 style=\"text-align: center;\">Workshop chair<\/h2>\n<h4 style=\"text-align: center;\"><span data-olk-copy-source=\"MessageBody\">Jean-Remy Chardonnet<\/span><\/h4>\n<p style=\"text-align: center;\">Arts&amp;M\u00e9tiers Institute of Technology, Ch\u00e2lon sur Sa\u00f4ne, France<\/p>\n<h2><\/h2>\n<h2 style=\"text-align: center;\">Local organizers<\/h2>\n<h4 style=\"text-align: center;\"><strong>Dr Thiago Freitas Dos Santos, <\/strong><\/h4>\n<p style=\"text-align: center;\">MIRALab, University of Geneva<\/p>\n<h4 style=\"text-align: center;\"><strong>Nedjma Cadi-Yazli<\/strong><\/h4>\n<p style=\"text-align: center;\">MIRALab<\/p>\n<h4 style=\"text-align: center;\"><strong>Le Ma<\/strong><\/h4>\n<p style=\"text-align: center;\">University of Geneva<\/p>\n<figure><\/figure>\n<figure><\/figure>\n<figure><\/figure>\n<figure><\/figure>\n<figure><\/figure>\n<figure><\/figure>\n<figure><\/figure>\n<figure><\/figure>\n<figure><\/figure>\n<figure><\/figure>\n<figure><\/figure>\n<figure><\/figure>\n<figure><\/figure>\n","protected":false},"excerpt":{"rendered":"<p>Honorary Chairs Jian Jun Zhang Bournemouth University, UK Soraia Musse PUCRS, Brazil Conference chairs Manolya Kavakli-Thorne Aston University, Birmingham, UK Youquan Liu Chang\u2019an University, Xi\u2019An, China Nadia Magnenat Thalmann MIRALab, &#8230;<\/p>\n","protected":false},"author":2,"featured_media":0,"parent":0,"menu_order":0,"comment_status":"closed","ping_status":"closed","template":"template-fullwidth.php","meta":{"footnotes":""},"class_list":["post-1342","page","type-page","status-publish","hentry"],"yoast_head":"<!-- This site is optimized with the Yoast SEO plugin v27.3 - https:\/\/yoast.com\/product\/yoast-seo-wordpress\/ -->\n<title>COMMITTEES - CASAXR26<\/title>\n<meta name=\"robots\" content=\"index, follow, max-snippet:-1, max-image-preview:large, max-video-preview:-1\" \/>\n<link rel=\"canonical\" href=\"https:\/\/cgs-network.org\/CASAXR26\/index.php\/elementor-page-builder\/\" \/>\n<meta property=\"og:locale\" content=\"en_US\" \/>\n<meta property=\"og:type\" content=\"article\" \/>\n<meta property=\"og:title\" content=\"COMMITTEES - CASAXR26\" \/>\n<meta property=\"og:description\" content=\"Honorary Chairs Jian Jun Zhang Bournemouth University, UK Soraia Musse PUCRS, Brazil Conference chairs Manolya Kavakli-Thorne Aston University, Birmingham, UK Youquan Liu Chang\u2019an University, Xi\u2019An, China Nadia Magnenat Thalmann MIRALab, ...\" \/>\n<meta property=\"og:url\" content=\"https:\/\/cgs-network.org\/CASAXR26\/index.php\/elementor-page-builder\/\" \/>\n<meta property=\"og:site_name\" content=\"CASAXR26\" \/>\n<meta property=\"article:modified_time\" content=\"2026-02-03T15:58:29+00:00\" \/>\n<meta name=\"twitter:card\" content=\"summary_large_image\" \/>\n<meta name=\"twitter:label1\" content=\"Est. reading time\" \/>\n\t<meta name=\"twitter:data1\" content=\"1 minute\" \/>\n<script type=\"application\/ld+json\" class=\"yoast-schema-graph\">{\"@context\":\"https:\\\/\\\/schema.org\",\"@graph\":[{\"@type\":\"WebPage\",\"@id\":\"https:\\\/\\\/cgs-network.org\\\/CASAXR26\\\/index.php\\\/elementor-page-builder\\\/\",\"url\":\"https:\\\/\\\/cgs-network.org\\\/CASAXR26\\\/index.php\\\/elementor-page-builder\\\/\",\"name\":\"COMMITTEES - CASAXR26\",\"isPartOf\":{\"@id\":\"https:\\\/\\\/cgs-network.org\\\/CASAXR26\\\/#website\"},\"datePublished\":\"2017-12-01T08:47:37+00:00\",\"dateModified\":\"2026-02-03T15:58:29+00:00\",\"breadcrumb\":{\"@id\":\"https:\\\/\\\/cgs-network.org\\\/CASAXR26\\\/index.php\\\/elementor-page-builder\\\/#breadcrumb\"},\"inLanguage\":\"en-US\",\"potentialAction\":[{\"@type\":\"ReadAction\",\"target\":[\"https:\\\/\\\/cgs-network.org\\\/CASAXR26\\\/index.php\\\/elementor-page-builder\\\/\"]}]},{\"@type\":\"BreadcrumbList\",\"@id\":\"https:\\\/\\\/cgs-network.org\\\/CASAXR26\\\/index.php\\\/elementor-page-builder\\\/#breadcrumb\",\"itemListElement\":[{\"@type\":\"ListItem\",\"position\":1,\"name\":\"Home\",\"item\":\"https:\\\/\\\/cgs-network.org\\\/CASAXR26\\\/index.php\\\/home\\\/\"},{\"@type\":\"ListItem\",\"position\":2,\"name\":\"COMMITTEES\"}]},{\"@type\":\"WebSite\",\"@id\":\"https:\\\/\\\/cgs-network.org\\\/CASAXR26\\\/#website\",\"url\":\"https:\\\/\\\/cgs-network.org\\\/CASAXR26\\\/\",\"name\":\"CASAXR26\",\"description\":\"\",\"publisher\":{\"@id\":\"https:\\\/\\\/cgs-network.org\\\/CASAXR26\\\/#organization\"},\"potentialAction\":[{\"@type\":\"SearchAction\",\"target\":{\"@type\":\"EntryPoint\",\"urlTemplate\":\"https:\\\/\\\/cgs-network.org\\\/CASAXR26\\\/?s={search_term_string}\"},\"query-input\":{\"@type\":\"PropertyValueSpecification\",\"valueRequired\":true,\"valueName\":\"search_term_string\"}}],\"inLanguage\":\"en-US\"},{\"@type\":\"Organization\",\"@id\":\"https:\\\/\\\/cgs-network.org\\\/CASAXR26\\\/#organization\",\"name\":\"CASAXR26\",\"url\":\"https:\\\/\\\/cgs-network.org\\\/CASAXR26\\\/\",\"logo\":{\"@type\":\"ImageObject\",\"inLanguage\":\"en-US\",\"@id\":\"https:\\\/\\\/cgs-network.org\\\/CASAXR26\\\/#\\\/schema\\\/logo\\\/image\\\/\",\"url\":\"https:\\\/\\\/cgs-network.org\\\/CASAXR26\\\/wp-content\\\/uploads\\\/2025\\\/11\\\/cropped-CASAxr26.png\",\"contentUrl\":\"https:\\\/\\\/cgs-network.org\\\/CASAXR26\\\/wp-content\\\/uploads\\\/2025\\\/11\\\/cropped-CASAxr26.png\",\"width\":1640,\"height\":369,\"caption\":\"CASAXR26\"},\"image\":{\"@id\":\"https:\\\/\\\/cgs-network.org\\\/CASAXR26\\\/#\\\/schema\\\/logo\\\/image\\\/\"}}]}<\/script>\n<!-- \/ Yoast SEO plugin. -->","yoast_head_json":{"title":"COMMITTEES - CASAXR26","robots":{"index":"index","follow":"follow","max-snippet":"max-snippet:-1","max-image-preview":"max-image-preview:large","max-video-preview":"max-video-preview:-1"},"canonical":"https:\/\/cgs-network.org\/CASAXR26\/index.php\/elementor-page-builder\/","og_locale":"en_US","og_type":"article","og_title":"COMMITTEES - CASAXR26","og_description":"Honorary Chairs Jian Jun Zhang Bournemouth University, UK Soraia Musse PUCRS, Brazil Conference chairs Manolya Kavakli-Thorne Aston University, Birmingham, UK Youquan Liu Chang\u2019an University, Xi\u2019An, China Nadia Magnenat Thalmann MIRALab, ...","og_url":"https:\/\/cgs-network.org\/CASAXR26\/index.php\/elementor-page-builder\/","og_site_name":"CASAXR26","article_modified_time":"2026-02-03T15:58:29+00:00","twitter_card":"summary_large_image","twitter_misc":{"Est. reading time":"1 minute"},"schema":{"@context":"https:\/\/schema.org","@graph":[{"@type":"WebPage","@id":"https:\/\/cgs-network.org\/CASAXR26\/index.php\/elementor-page-builder\/","url":"https:\/\/cgs-network.org\/CASAXR26\/index.php\/elementor-page-builder\/","name":"COMMITTEES - CASAXR26","isPartOf":{"@id":"https:\/\/cgs-network.org\/CASAXR26\/#website"},"datePublished":"2017-12-01T08:47:37+00:00","dateModified":"2026-02-03T15:58:29+00:00","breadcrumb":{"@id":"https:\/\/cgs-network.org\/CASAXR26\/index.php\/elementor-page-builder\/#breadcrumb"},"inLanguage":"en-US","potentialAction":[{"@type":"ReadAction","target":["https:\/\/cgs-network.org\/CASAXR26\/index.php\/elementor-page-builder\/"]}]},{"@type":"BreadcrumbList","@id":"https:\/\/cgs-network.org\/CASAXR26\/index.php\/elementor-page-builder\/#breadcrumb","itemListElement":[{"@type":"ListItem","position":1,"name":"Home","item":"https:\/\/cgs-network.org\/CASAXR26\/index.php\/home\/"},{"@type":"ListItem","position":2,"name":"COMMITTEES"}]},{"@type":"WebSite","@id":"https:\/\/cgs-network.org\/CASAXR26\/#website","url":"https:\/\/cgs-network.org\/CASAXR26\/","name":"CASAXR26","description":"","publisher":{"@id":"https:\/\/cgs-network.org\/CASAXR26\/#organization"},"potentialAction":[{"@type":"SearchAction","target":{"@type":"EntryPoint","urlTemplate":"https:\/\/cgs-network.org\/CASAXR26\/?s={search_term_string}"},"query-input":{"@type":"PropertyValueSpecification","valueRequired":true,"valueName":"search_term_string"}}],"inLanguage":"en-US"},{"@type":"Organization","@id":"https:\/\/cgs-network.org\/CASAXR26\/#organization","name":"CASAXR26","url":"https:\/\/cgs-network.org\/CASAXR26\/","logo":{"@type":"ImageObject","inLanguage":"en-US","@id":"https:\/\/cgs-network.org\/CASAXR26\/#\/schema\/logo\/image\/","url":"https:\/\/cgs-network.org\/CASAXR26\/wp-content\/uploads\/2025\/11\/cropped-CASAxr26.png","contentUrl":"https:\/\/cgs-network.org\/CASAXR26\/wp-content\/uploads\/2025\/11\/cropped-CASAxr26.png","width":1640,"height":369,"caption":"CASAXR26"},"image":{"@id":"https:\/\/cgs-network.org\/CASAXR26\/#\/schema\/logo\/image\/"}}]}},"_links":{"self":[{"href":"https:\/\/cgs-network.org\/CASAXR26\/index.php\/wp-json\/wp\/v2\/pages\/1342","targetHints":{"allow":["GET"]}}],"collection":[{"href":"https:\/\/cgs-network.org\/CASAXR26\/index.php\/wp-json\/wp\/v2\/pages"}],"about":[{"href":"https:\/\/cgs-network.org\/CASAXR26\/index.php\/wp-json\/wp\/v2\/types\/page"}],"author":[{"embeddable":true,"href":"https:\/\/cgs-network.org\/CASAXR26\/index.php\/wp-json\/wp\/v2\/users\/2"}],"replies":[{"embeddable":true,"href":"https:\/\/cgs-network.org\/CASAXR26\/index.php\/wp-json\/wp\/v2\/comments?post=1342"}],"version-history":[{"count":11,"href":"https:\/\/cgs-network.org\/CASAXR26\/index.php\/wp-json\/wp\/v2\/pages\/1342\/revisions"}],"predecessor-version":[{"id":1615,"href":"https:\/\/cgs-network.org\/CASAXR26\/index.php\/wp-json\/wp\/v2\/pages\/1342\/revisions\/1615"}],"wp:attachment":[{"href":"https:\/\/cgs-network.org\/CASAXR26\/index.php\/wp-json\/wp\/v2\/media?parent=1342"}],"curies":[{"name":"wp","href":"https:\/\/api.w.org\/{rel}","templated":true}]}}